 divided by 9?
8
Suppose 11*h - 182 - 280 = 0. Suppose -h*d - 12 = -43*d. Calculate the remainder when 105 is divided by d.
9
Suppose 5*y + 14*l - 11*l = 430, 0 = -4*l. What is the remainder when y is divided by 15?
11
Suppose -32 = -u + 58. Let j(z) = 2*z**3 + 164*z**2 - 2*z - 141. Calculate the remainder when u is divided by j(-82).
21
Let r(c) = 5*c**2 + 4*c + 6. Suppose -2*m - 115 = -109. What is the remainder when 116 is divided by r(m)?
38
Suppose 33 = 5*m - 2*u, 2*m = -m + 3*u + 27. Suppose 0*s + m*s - 40 = 0. What is the remainder when s is divided by 5?
3
Let k be (2/(-6))/(((-25)/(-30))/(-5)). Suppose -k*f + 141 = 9. Calculate the remainder when f is divided by 14.
10
Calculate the remainder when 83 is divided by 22 + 15*(-9)/(-45).
8
Let m be (1 - 3)*8/(-8). Let u(q) = -2*q - 4*q**m + 5*q**2 - 15 - q + 5. What is the remainder when 51 is divided by u(7)?
15
Suppose -j = -6*j + 75. Let h be (2/(-5))/(2 + (-55)/25). What is the remainder when h/(11/(-42) + (-10)/(-30)) is divided by j?
13
Suppose -3*f = -34*f + 899. What is the remainder when f is divided by 10?
9
Suppose 7*k - h = 2*k - 89, -4*h + 16 = 0. Let w = -12 - k. What is the remainder when w is divided by (-2 - -4)*(-1 + 2)?
1
Let s = 216 - 165. Calculate the remainder when s is divided by 26/(-4)*(1 - 5).
25
Let t = -79 - -102. Calculate the remainder when 39 is divided by t.
16
Let o = -55 - -46. Let y = o + 31. What is the remainder when 107 is divided by y?
19
Let k be 678/21 + 6/(-21). Let n = k - 70. Let c = n + 63. What is the remainder when 74 is divided by c?
24
Suppose 3*j - 4*j = -5*t, -5*j = -5*t. Suppose -5*i + 3*r = -j*i - 192, 4*r - 4 = 0. Suppose 0 = 5*x - 3*x - 20. What is the remainder when i is divided by x?
9
Suppose 5*p + 25 = 2*g, 3*g - 55 - 45 = -5*p. Calculate the remainder when 124 is divided by g.
24
Let m be (17/4 - 2)/((-6)/16). Let j(p) = p**3 + 7*p**2 + 7*p + 9. Calculate the remainder when 6 is divided by j(m).
0
Suppose 2*x - 1 = 5. Let y(n) = -n - 8 + 5*n - x - 2*n. What is the remainder when 43 is divided by y(13)?
13
Let w = -53 - -136. Calculate the remainder when w is divided by 0 + 22 + (8 - (3 + -1)).
27
Let a(k) = -49*k - 14. Let y be a(-10). Suppose 0 = -5*g + 5*l + 500, 0*g + 5*g + 3*l - y = 0. Let h = 47 + -22. Calculate the remainder when g is divided by h.
22
Let r(j) = 3*j**2 + 13*j + 39. What is the remainder when 81 is divided by r(-4)?
11
Let b(f) = 3*f + 183. What is the remainder when 3695 is divided by b(-39)?
65
Let r = -2457 - -2475. Suppose 2*s + 2*s = 496. Calculate the remainder when s is divided by r.
16
Let b(v) = 3*v**2 + v + 4. Suppose w - 14 = -3*g, 5*g + w - 22 = -w. What is the remainder when b(g) is divided by 20?
18
Let g(f) = -24*f + 3. Let j be g(5). Let d = j - -171. Suppose 5*x = 11*x - d. Calculate the remainder when x is divided by 3.
0
Suppose 133*p + 165 = 138*p. What is the remainder when 122 is divided by p?
23
Let o(d) = d**3 + 58*d**2 - 4*d - 178. Suppose 4*w - 113 = -2*m + 3*m, 0 = -2*w - 2*m + 54. What is the remainder when o(-58) is divided by w?
26
Let t(d) = -27*d**2 + 10*d**2 + 10*d**2 + d**3 + 3 + 8*d**2. Let z be t(-2). What is the remainder when z/2 + 828/24 is divided by 12?
10
Let k = 247 + -219. Calculate the remainder when 78 is divided by k.
22
Let x(v) = 2*v**2 + 7*v - 28. Let m(c) = 2*c**2 + 8*c + 8. Let t be m(-6). Let g = 51 - t. Calculate the remainder when g is divided by x(3).
8
Let i = 17 - 0. Calculate the remainder when 50 is divided by i.
16
Let a(c) = -c**2 + 2. Let g be a(0). Let n(d) = 2*d**2 + 15*d - 38. What is the remainder when n(-12) is divided by 50/g - 7/7?
22
Let i = 11 + -5. Suppose 0 = 18*f - 2*f + 1120. What is the remainder when (-1533)/f + 2/20 is divided by i?
4
Suppose 0 = 5*d + 5*o + 230 - 45, -112 = 3*d + 4*o. Let i = d - -47. Calculate the remainder when i is divided by 3.
2
Let q be 20/150 - 26/(-30). Let s be (6/(-3))/(q/(-8)). Let a = s - 14. Calculate the remainder when 3 is divided by a.
1
Let t(l) = 2*l**2 + 5*l - 1. What is the remainder when t(-7) is divided by 17?
11
Let c(k) = 4*k**2 + 4*k + 6. Let q = 1631 - 1603. Calculate the remainder when c(-4) is divided by q.
26
Suppose 6 = 3*i + 3*u, -i + 5*i = -3*u + 4. Let j be (3 - (i + 5)) + -96. Calculate the remainder when j/18*(-17 - 1) is divided by 33.
30
Let l = -1758 + 1945. Calculate the remainder when l is divided by 12.
7
Calculate the remainder when 58 is divided by 1/(-4) + 170/8.
16
Let b be 3 + ((-2)/(-2) - -1). Let n(d) = 6*d - 19. What is the remainder when n(b) is divided by 5?
1
Let w = 505 + -473. What is the remainder when 47 is divided by w?
15
Let b(s) = -19*s - 7. Let i be b(2). Let x = 24 + i. Let k = -17 - x. Calculate the remainder when 11 is divided by k.
3
Suppose 229 = 3*t + 37. Suppose -12*d + t = -10*d. What is the remainder when d is divided by 11?
10
Let f be -4 - 344/(-20) - (-2)/(-10). Suppose 0 = a - 25 - f. Suppose -49 - 3 = -4*v. What is the remainder when a is divided by v?
12
Let r(h) = -2*h**3 - 32*h**2 - h - 6. Let m = -44 + 102. What is the remainder when m is divided by r(-16)?
8
Suppose 7*f = 4*f + 5*p + 17, 0 = -5*f + 4*p + 37. Calculate the remainder when 655/20 - (-4)/16*1 is divided by f.
6
Calculate the remainder when 4*2/((-16)/(-14)) is divided by (-4 - 264/(-40)) + (-3)/5.
1
Suppose 0*r = -2*z - 2*r - 14, 5*z + 41 = -2*r. Let k(a) = a**3 + 10*a**2 + 4*a - 16. What is the remainder when k(z) is divided by 10?
9
Let l(r) = r**3 - 9*r**2 + 4*r - 21. Calculate the remainder when (-6)/(-42) - (-390)/14 is divided by l(9).
13
Suppose -2*v + 2*p = -80, -4*p - 50 - 20 = -2*v. Suppose -3*u + 15*f = 18*f - 21, -3*f - 35 = -4*u. What is the remainder when v is divided by u?
5
Suppose 5*g = -3*c - 9, 4*c + c + 15 = g. Let d be (15/c)/(2/(-4)). Suppose -6*s - 44 = -d*s. What is the remainder when 20 is divided by s?
9
Suppose -3*x + 8*x - 75 = 0. Calculate the remainder when x is divided by (25/(-20))/((-17)/68).
0
Let a(j) = 7*j - 14. Let b(v) = 36*v - 70. Let k(t) = 16*a(t) - 3*b(t). Calculate the remainder when k(8) is divided by 11.
7
Let i(w) = -w**2 + 15*w - 19. Let z = -13 - -24. What is the remainder when i(z) is divided by 13?
12
Let u be (-176)/(-20)*45/6. Let j = 70 - u. Calculate the remainder when 12 is divided by j.
0
Let o(q) = 3*q**3 + 5*q**2 - 10*q + 7. Let r(f) = -f**3 + f**2 + f. Let i(y) = o(y) + 4*r(y). What is the remainder when 45 is divided by i(8)?
22
Suppose 4*r = 4*x + 132, -r + 4*x - x + 43 = 0. Let i(m) = -142*m - 551. Calculate the remainder when r is divided by i(-4).
11
Let d be (-3)/(-2) - (-99)/(-22). Let g be (-3 + 0)/(d/(-16)). Calculate the remainder when 40 is divided by ((-21)/(-4))/((-6)/g).
12
Suppose 178*o = 163*o + 3165. Calculate the remainder when o is divided by 29.
8
Suppose 0 = -30*o + 9*o + 462. Calculate the remainder when 148 is divided by o.
16
Let k(b) = 10*b - 10. Calculate the remainder when 138 is divided by k(3).
18
Let h = 78 + -75. What is the remainder when 17 is divided by (-10 - -11)/(h/18)?
5
Let u = -684 + 726. What is the remainder when u is divided by 21?
0
Let w(x) = 2*x**2 + 12*x + 57. Let a = 127 + -134. What is the remainder when w(a) is divided by 19?
14
Suppose 18 = a + 5*x, -30 = a - 2*a - x. Suppose -2*j + 216 = 2*s, -5*s + 2 + 538 = 3*j. Let l = 171 - s. What is the remainder when l is divided by a?
30
Suppose -2*j + 5 = 3*v - 7, -3*v + 6 = 0. Suppose 0 = -u + 1 + j. What is the remainder when ((-5 - -1) + 42)/2 + -1 is divided by u?
2
Suppose -6 + 4 = -b. Calculate the remainder when (-3)/b*406/(-21) is divided by 10.
9
Let f(c) = c**2 + 13*c + 17. Let l be f(-13). Suppose 16*m - l*m + 26 = 0. Calculate the remainder when m is divided by 21.
5
Suppose 0 = 3*u + 2*u - 20, -4*z - 3*u + 4 = 0. Calculate the remainder when 184/((-1)/(z/4)) is divided by 19.
16
Let p = 446 + -411. What is the remainder when p is divided by 9?
8
Suppose 5*h + 209 = -6*h. Let f = 0 - h. Calculate the remainder when f is divided by 8.
3
Let b(k) be the second derivative of k**3/6 - 15*k**2/2 + k. Calculate the remainder when 3 is divided by b(18).
0
Suppose 0 = -1747*y + 1764*y - 425. Let o = 20 + -4. What is the remainder when y is divided by o?
9
Suppose -5*c - 50 = k - 3*k, 0 = -k + c + 31. What is th